 2899.
13
Calculate the greatest common divisor of 422 and 25109.
211
What is the highest common divisor of 8 and 116?
4
What is the greatest common factor of 21 and 3?
3
What is the highest common factor of 777 and 8806?
259
Calculate the highest common divisor of 20 and 4.
4
What is the greatest common divisor of 2106 and 2340?
234
Calculate the greatest common factor of 175 and 44800.
175
What is the greatest common divisor of 4950 and 44?
22
What is the highest common factor of 4331 and 183?
61
What is the highest common divisor of 1680 and 9072?
336
Calculate the greatest common divisor of 660 and 540.
60
What is the highest common divisor of 15075 and 125?
25
Calculate the highest common factor of 424 and 16.
8
What is the greatest common divisor of 125 and 5?
5
Calculate the greatest common divisor of 9920 and 256.
64
Calculate the greatest common factor of 105 and 168.
21
Calculate the greatest common divisor of 6 and 291.
3
What is the highest common factor of 396 and 33?
33
Calculate the highest common factor of 378 and 1932.
42
What is the greatest common factor of 18315 and 330?
165
What is the greatest common divisor of 4 and 19612?
4
What is the greatest common divisor of 25 and 325?
25
Calculate the highest common factor of 80 and 55.
5
Calculate the highest common factor of 145 and 25.
5
Calculate the greatest common factor of 216 and 54.
54
What is the highest common divisor of 2205 and 210?
105
Calculate the greatest common divisor of 133 and 57.
19
What is the highest common divisor of 159 and 19133?
53
What is the greatest common divisor of 448 and 14?
14
Calculate the greatest common factor of 4716 and 24.
12
What is the greatest common divisor of 7 and 553?
7
What is the highest common factor of 2150 and 200?
50
What is the greatest common factor of 60 and 492?
12
What is the greatest common factor of 51 and 1479?
51
Calculate the highest common factor of 42 and 651.
21
Calculate the greatest common divisor of 3625 and 290.
145
What is the greatest common factor of 339 and 565?
113
What is the greatest common factor of 1188 and 572?
44
What is the greatest common factor of 88 and 3190?
22
What is the highest common divisor of 56 and 196?
28
Calculate the highest common factor of 742 and 14.
14
Calculate the highest common factor of 8153 and 31.
31
Calculate the highest common factor of 966 and 28.
14
What is the greatest common factor of 190 and 90?
10
What is the greatest common factor of 33111 and 117?
117
What is the greatest common factor of 273 and 7?
7
Calculate the greatest common factor of 6 and 4506.
6
What is the highest common factor of 12427 and 43?
43
What is the greatest common divisor of 168 and 1288?
56
Calculate the greatest common factor of 52 and 91.
13
Calculate the greatest common divisor of 20 and 14.
2
Calculate the greatest common divisor of 1085 and 620.
155
What is the highest common divisor of 803 and 292?
73
Calculate the highest common divisor of 28527 and 111.
111
Calculate the greatest common factor of 357 and 42.
21
Calculate the greatest common factor of 1040 and 65.
65
What is the greatest common divisor of 11 and 1925?
11
Calculate the highest common divisor of 15 and 3935.
5
Calculate the highest common factor of 5644 and 830.
166
Calculate the greatest common factor of 39 and 377.
13
Calculate the greatest common factor of 4 and 1521.
1
What is the greatest common factor of 1577 and 83?
83
Calculate the greatest common divisor of 136 and 4777.
17
What is the greatest common divisor of 11 and 20?
1
Calculate the highest common divisor of 41 and 33046.
41
What is the highest common factor of 6 and 114?
6
Calculate the greatest common divisor of 238 and 442.
34
Calculate the highest common factor of 34992 and 162.
162
Calculate the highest common divisor of 7 and 22939.
7
Calculate the highest common factor of 153 and 7089.
51
Calculate the highest common divisor of 126 and 144.
18
Calculate the highest common factor of 19635 and 119.
119
Calculate the greatest common divisor of 24 and 7032.
24
What is the highest common divisor of 7 and 56?
7
Calculate the highest common factor of 54 and 12.
6
What is the highest common divisor of 6 and 6?
6
Calculate the highest common divisor of 84 and 396.
12
Calculate the highest common divisor of 88 and 198.
22
Calculate the greatest common factor of 78 and 1599.
39
What is the greatest common divisor of 4459 and 26?
13
Calculate the greatest common divisor of 348 and 464.
116
What is the highest common factor of 1611 and 63?
9
What is the highest common divisor of 9294 and 6?
6
What is the greatest common factor of 4104 and 162?
54
Calculate the greatest common factor of 24745 and 49.
49
Calculate the highest common divisor of 155 and 30.
5
What is the greatest common divisor of 32 and 224?
32
Calculate the greatest common factor of 1032 and 12.
12
What is the greatest common factor of 3480 and 60?
60
What is the greatest common factor of 15 and 240?
15
What is the greatest common factor of 189 and 8253?
63
What is the greatest common factor of 1290 and 60?
30
What is the highest common divisor of 176 and 16?
16
What is the highest common divisor of 39 and 416?
13
What is the greatest common divisor of 84 and 42?
42
What is the highest common divisor of 28 and 21?
7
What is the greatest common factor of 37 and 2?
1
Calculate the highest common factor of 60 and 525.
15
What is the greatest common divisor of 976 and 4?
4
What is the greatest common divisor of 2 and 93?
1
What is the greatest common divisor of 2079 and 459?
27
What is the highest common factor of 89 and 1335?
89
What is the greatest common factor of 4 and 50?
2
What is the greatest common divisor of 54 and 56?
2
Calculate the greatest common divisor of 45 and 261.
9
Calculate the greatest common factor of 408 and 2346.
102
What is the greatest common factor of 22 and 418?
22
What is the highest common factor of 612 and 3638?
34
What is the highest common divisor of 897 and 3120?
39
Calculate the greatest common factor of 256 and 704.
64
What is the greatest common factor of 12 and 48?
12
Calculate the greatest common factor of 144 and 21564.
36
What is the highest common divisor of 200 and 150?
50
Calculate the greatest common factor of 85 and 390.
5
Calculate the greatest common factor of 616 and 504.
56
What is the highest common divisor of 5335 and 97?
97
Calculate the highest common divisor of 543 and 20272.
181
What is the highest common factor of 8658 and 37?
37
What is the greatest common factor of 2412 and 134?
134
Calculate the highest common divisor of 420 and 70.
70
Calculate the highest common divisor of 950 and 450.
50
Calculate the greatest common factor of 590 and 531.
59
Calculate the greatest common factor of 186 and 6231.
93
What is the greatest common divisor of 925 and 50?
25
What is the highest common factor of 13 and 2834?
13
Calculate the highest common factor of 7230 and 30.
30
Calculate the highest common divisor of 492 and 2993.
41
Calculate the highest common divisor of 518 and 148.
74
What is the greatest common divisor of 290 and 370?
10
What is the greatest common divisor of 27 and 5?
1
What is the greatest common divisor of 415 and 249?
83
What is the greatest common factor of 700 and 35?
35
What is the greatest common factor of 122 and 11773?
61
Calculate the highest common divisor of 10 and 33430.
10
Calculate the greatest common divisor of 345 and 105.
15
Calculate the highest common factor of 16 and 12400.
16
What is the greatest common divisor of 520 and 4264?
104
What is the highest common divisor of 6 and 33?
3
Calculate the greatest common divisor of 17 and 221.
17
Calculate the highest common divisor of 290 and 180.
10
Calculate the greatest common factor of 3551 and 67.
67
Calculate the greatest common divisor of 5397 and 21.
21
Calculate the greatest common divisor of 1639 and 11.
11
Calculate the greatest common factor of 3029 and 26.
13
What is the highest common divisor of 60 and 132?
12
Calculate the greatest common divisor of 760 and 340.
20
Calculate the highest common factor of 74 and 28.
2
What is the greatest common divisor of 160 and 4700?
20
What is the highest common divisor of 234 and 156?
78
Calculate the highest common divi